{"id":218,"date":"2020-01-14T09:39:18","date_gmt":"2020-01-14T08:39:18","guid":{"rendered":"https:\/\/fahnenschwinger.de\/htmlwordpress\/?page_id=218"},"modified":"2025-01-08T14:45:56","modified_gmt":"2025-01-08T13:45:56","slug":"fahnenschwingen-und-fahnenschwenken-in-deutschland","status":"publish","type":"page","link":"https:\/\/fahnenschwinger.de\/htmlwordpress\/fahnenschwingen-und-fahnenschwenken-in-deutschland\/","title":{"rendered":"Fahnenschwingen und Fahnenschwenken in Deutschland"},"content":{"rendered":"<p><img loading=\"lazy\" decoding=\"async\" class=\"alignnone size-medium wp-image-335 aligncenter\" src=\"https:\/\/fahnenschwinger.de\/htmlwordpress\/wp-content\/uploads\/2020\/01\/IMG_2641-300x200.jpg\" alt=\"\" width=\"300\" height=\"200\" srcset=\"https:\/\/fahnenschwinger.de\/htmlwordpress\/wp-content\/uploads\/2020\/01\/IMG_2641-300x200.jpg 300w, https:\/\/fahnenschwinger.de\/htmlwordpress\/wp-content\/uploads\/2020\/01\/IMG_2641-1024x683.jpg 1024w, https:\/\/fahnenschwinger.de\/htmlwordpress\/wp-content\/uploads\/2020\/01\/IMG_2641-768x512.jpg 768w, https:\/\/fahnenschwinger.de\/htmlwordpress\/wp-content\/uploads\/2020\/01\/IMG_2641-1536x1024.jpg 1536w, https:\/\/fahnenschwinger.de\/htmlwordpress\/wp-content\/uploads\/2020\/01\/IMG_2641-2048x1365.jpg 2048w, https:\/\/fahnenschwinger.de\/htmlwordpress\/wp-content\/uploads\/2020\/01\/IMG_2641-450x300.jpg 450w\" sizes=\"auto, (max-width: 300px) 100vw, 300px\" \/><\/p>\n<p>In dieser Rubrik unserer Website m\u00f6chten wir Ihnen das Brauchtum und die Sportart Fahnenschwingen bzw. Fahnenschwenken einmal n\u00e4her vorstellen.<\/p>\n<p>In Deutschland gibt es viele verschiedene Arten dieses Brauchtums. Zusammengeschlossen haben sich die einzelnen Gruppen im<br \/>\nDeutschen Fahnenschwinger Verband e. V..<\/p>\n<p>Der Verband hat sich u. a. zur Aufgabe gemacht, da? Fahnenschwingen in seinen verschiedenen Arten zu f\u00f6rdern und zu erhalten.<\/p>\n<p>Aber auch der sportliche Aspekt kommt nicht zu kurz. In verschiedenen Wettk\u00e4mpfen und Meisterschaften k\u00f6nnen sich die<br \/>\neinzelnen Fahnenschwinger und Gruppen immer wieder messen.<\/p>\n<p><b>Hei\u00dft es nun Fahnenschwinger oder Fahnenschwenker? <\/b><\/p>\n<p>Das ist egal, denn einen Unterschied gibt es nicht!<\/p>\n<p>Fahnenschwenker hei\u00dft es ?\u00fcberwiegend in NRW und in teilen von<br \/>\nRheinland &#8211; Pfalz.<\/p>\n<p>Da es in den meisten Bundesl\u00e4ndern und im Ausland Fahnenschwinger hei\u00dft, hat man sich bei der Gr\u00fcndung des DFV auf die Verwendung des Namens Fahnenschwinger geeinigt.<\/p>\n<p>Den Anfang der Vorstellung macht der DFV.<\/p>\n","protected":false},"excerpt":{"rendered":"<p>In dieser Rubrik unserer Website m\u00f6chten wir Ihnen das Brauchtum und die Sportart Fahnenschwingen bzw. Fahnenschwenken einmal n\u00e4her vorstellen. In Deutschland gibt es viele verschiedene Arten dieses Brauchtums. Zusammengeschlossen haben sich die einzelnen Gruppen im Deutschen Fahnenschwinger Verband e. V.. &hellip; <a href=\"https:\/\/fahnenschwinger.de\/htmlwordpress\/fahnenschwingen-und-fahnenschwenken-in-deutschland\/\">Weiterlesen <span class=\"meta-nav\">&rarr;<\/span><\/a><\/p>\n","protected":false},"author":1,"featured_media":0,"parent":0,"menu_order":0,"comment_status":"closed","ping_status":"closed","template":"","meta":{"footnotes":""},"class_list":["post-218","page","type-page","status-publish","hentry"],"_links":{"self":[{"href":"https:\/\/fahnenschwinger.de\/htmlwordpress\/wp-json\/wp\/v2\/pages\/218","targetHints":{"allow":["GET"]}}],"collection":[{"href":"https:\/\/fahnenschwinger.de\/htmlwordpress\/wp-json\/wp\/v2\/pages"}],"about":[{"href":"https:\/\/fahnenschwinger.de\/htmlwordpress\/wp-json\/wp\/v2\/types\/page"}],"author":[{"embeddable":true,"href":"https:\/\/fahnenschwinger.de\/htmlwordpress\/wp-json\/wp\/v2\/users\/1"}],"replies":[{"embeddable":true,"href":"https:\/\/fahnenschwinger.de\/htmlwordpress\/wp-json\/wp\/v2\/comments?post=218"}],"version-history":[{"count":5,"href":"https:\/\/fahnenschwinger.de\/htmlwordpress\/wp-json\/wp\/v2\/pages\/218\/revisions"}],"predecessor-version":[{"id":1281,"href":"https:\/\/fahnenschwinger.de\/htmlwordpress\/wp-json\/wp\/v2\/pages\/218\/revisions\/1281"}],"wp:attachment":[{"href":"https:\/\/fahnenschwinger.de\/htmlwordpress\/wp-json\/wp\/v2\/media?parent=218"}],"curies":[{"name":"wp","href":"https:\/\/api.w.org\/{rel}","templated":true}]}}