{"id":1210,"date":"2024-04-12T17:41:59","date_gmt":"2024-04-12T15:41:59","guid":{"rendered":"https:\/\/fahnenschwinger.de\/htmlwordpress\/?page_id=1210"},"modified":"2025-01-08T14:50:05","modified_gmt":"2025-01-08T13:50:05","slug":"shop","status":"publish","type":"page","link":"https:\/\/fahnenschwinger.de\/htmlwordpress\/shop\/","title":{"rendered":"Shop"},"content":{"rendered":"\n<figure class=\"wp-block-image size-full\"><img loading=\"lazy\" decoding=\"async\" width=\"1024\" height=\"799\" src=\"https:\/\/fahnenschwinger.de\/htmlwordpress\/wp-content\/uploads\/2024\/04\/image.png\" alt=\"\" class=\"wp-image-1213\" srcset=\"https:\/\/fahnenschwinger.de\/htmlwordpress\/wp-content\/uploads\/2024\/04\/image.png 1024w, https:\/\/fahnenschwinger.de\/htmlwordpress\/wp-content\/uploads\/2024\/04\/image-300x234.png 300w, https:\/\/fahnenschwinger.de\/htmlwordpress\/wp-content\/uploads\/2024\/04\/image-768x599.png 768w, https:\/\/fahnenschwinger.de\/htmlwordpress\/wp-content\/uploads\/2024\/04\/image-384x300.png 384w\" sizes=\"auto, (max-width: 1024px) 100vw, 1024px\" \/><\/figure>\n\n\n\n<p>Ab sofort bei uns erh\u00e4ltlich:<br>Pin mit dem DFV Logo zum anstecken. Gr\u00f6\u00dfe ca. 30 mm x 20 mm aus Metall.<br>Der Pin kann per E-Mail bei uns zum Preis von 4 \u20ac pro St\u00fcck bestellt werden.<br>Plus Versandkosten 4 \u20ac innerhalb Deutschlands.<\/p>\n\n\n\n<p>Bestellungen per E-Mail: <a href=\"mailto:kontakt@fahnenschwinger.de\">kontakt@fahnenschwinger.de<\/a><\/p>\n","protected":false},"excerpt":{"rendered":"<p>Ab sofort bei uns erh\u00e4ltlich:Pin mit dem DFV Logo zum anstecken. Gr\u00f6\u00dfe ca. 30 mm x 20 mm aus Metall.Der Pin kann per E-Mail bei uns zum Preis von 4 \u20ac pro St\u00fcck bestellt werden.Plus Versandkosten 4 \u20ac innerhalb Deutschlands. &hellip; <a href=\"https:\/\/fahnenschwinger.de\/htmlwordpress\/shop\/\">Weiterlesen <span class=\"meta-nav\">&rarr;<\/span><\/a><\/p>\n","protected":false},"author":1,"featured_media":0,"parent":0,"menu_order":0,"comment_status":"closed","ping_status":"closed","template":"","meta":{"footnotes":""},"class_list":["post-1210","page","type-page","status-publish","hentry"],"_links":{"self":[{"href":"https:\/\/fahnenschwinger.de\/htmlwordpress\/wp-json\/wp\/v2\/pages\/1210","targetHints":{"allow":["GET"]}}],"collection":[{"href":"https:\/\/fahnenschwinger.de\/htmlwordpress\/wp-json\/wp\/v2\/pages"}],"about":[{"href":"https:\/\/fahnenschwinger.de\/htmlwordpress\/wp-json\/wp\/v2\/types\/page"}],"author":[{"embeddable":true,"href":"https:\/\/fahnenschwinger.de\/htmlwordpress\/wp-json\/wp\/v2\/users\/1"}],"replies":[{"embeddable":true,"href":"https:\/\/fahnenschwinger.de\/htmlwordpress\/wp-json\/wp\/v2\/comments?post=1210"}],"version-history":[{"count":3,"href":"https:\/\/fahnenschwinger.de\/htmlwordpress\/wp-json\/wp\/v2\/pages\/1210\/revisions"}],"predecessor-version":[{"id":1286,"href":"https:\/\/fahnenschwinger.de\/htmlwordpress\/wp-json\/wp\/v2\/pages\/1210\/revisions\/1286"}],"wp:attachment":[{"href":"https:\/\/fahnenschwinger.de\/htmlwordpress\/wp-json\/wp\/v2\/media?parent=1210"}],"curies":[{"name":"wp","href":"https:\/\/api.w.org\/{rel}","templated":true}]}}